Last updated on 2022-04-24 03:52:37 CEST.
Flavor | Version | Tinstall | Tcheck | Ttotal | Status | Flags |
---|---|---|---|---|---|---|
r-devel-linux-x86_64-debian-clang | 1.0.1 | 69.27 | 295.78 | 365.05 | OK | |
r-devel-linux-x86_64-debian-gcc | 1.0.1 | 52.40 | 218.70 | 271.10 | OK | |
r-devel-linux-x86_64-fedora-clang | 1.0.1 | 460.53 | OK | |||
r-devel-linux-x86_64-fedora-gcc | 1.0.1 | 451.89 | OK | |||
r-patched-linux-x86_64 | 1.0.1 | 59.92 | 302.08 | 362.00 | OK | |
r-release-linux-x86_64 | 1.0.1 | 59.92 | 290.62 | 350.54 | OK | |
r-release-macos-arm64 | 1.0.1 | NOTE | ||||
r-release-macos-x86_64 | 1.0.1 | NOTE | ||||
r-release-windows-x86_64 | 1.0.1 | 144.00 | 424.00 | 568.00 | OK | |
r-oldrel-macos-arm64 | 1.0.1 | NOTE | ||||
r-oldrel-macos-x86_64 | 1.0.1 | NOTE | ||||
r-oldrel-windows-ix86+x86_64 | 1.0.1 | 150.00 | 424.00 | 574.00 | OK |
Version: 1.0.1
Check: installed package size
Result: NOTE
installed size is 6.0Mb
sub-directories of 1Mb or more:
libs 4.2Mb
Flavors: r-release-macos-arm64, r-release-macos-x86_64, r-oldrel-macos-arm64, r-oldrel-macos-x86_64