Last updated on 2022-04-24 03:52:37 CEST.
Flavor | Version | Tinstall | Tcheck | Ttotal | Status | Flags |
---|---|---|---|---|---|---|
r-devel-linux-x86_64-debian-clang | 1.0.4 | 3.79 | 36.74 | 40.53 | OK | |
r-devel-linux-x86_64-debian-gcc | 1.0.4 | 2.88 | 28.30 | 31.18 | OK | |
r-devel-linux-x86_64-fedora-clang | 1.0.4 | 49.84 | NOTE | |||
r-devel-linux-x86_64-fedora-gcc | 1.0.4 | 38.47 | NOTE | |||
r-patched-linux-x86_64 | 1.0.4 | 3.91 | 35.73 | 39.64 | OK | |
r-release-linux-x86_64 | 1.0.4 | 2.87 | 35.81 | 38.68 | OK | |
r-release-macos-arm64 | 1.0.4 | OK | ||||
r-release-macos-x86_64 | 1.0.4 | OK | ||||
r-release-windows-x86_64 | 1.0.4 | 13.00 | 52.00 | 65.00 | OK | |
r-oldrel-macos-arm64 | 1.0.4 | OK | ||||
r-oldrel-macos-x86_64 | 1.0.4 | OK | ||||
r-oldrel-windows-ix86+x86_64 | 1.0.4 | 8.00 | 51.00 | 59.00 | OK |
Version: 1.0.4
Check: compiled code
Result: NOTE
File ‘scout/libs/scout.so’:
Found no calls to: ‘R_registerRoutines’, ‘R_useDynamicSymbols’
It is good practice to register native routines and to disable symbol
search.
See ‘Writing portable packages’ in the ‘Writing R Extensions’ manual.
Flavors: r-devel-linux-x86_64-fedora-clang, r-devel-linux-x86_64-fedora-gcc