Last updated on 2022-04-24 03:52:37 CEST.
Flavor | Version | Tinstall | Tcheck | Ttotal | Status | Flags |
---|---|---|---|---|---|---|
r-devel-linux-x86_64-debian-clang | 1.0.0 | 3.15 | 33.11 | 36.26 | OK | |
r-devel-linux-x86_64-debian-gcc | 1.0.0 | 2.05 | 25.07 | 27.12 | OK | |
r-devel-linux-x86_64-fedora-clang | 1.0.0 | 43.83 | NOTE | |||
r-devel-linux-x86_64-fedora-gcc | 1.0.0 | 31.63 | NOTE | |||
r-patched-linux-x86_64 | 1.0.0 | 2.71 | 31.20 | 33.91 | OK | |
r-release-linux-x86_64 | 1.0.0 | 2.23 | 31.11 | 33.34 | OK | |
r-release-macos-arm64 | 1.0.0 | OK | ||||
r-release-macos-x86_64 | 1.0.0 | OK | ||||
r-release-windows-x86_64 | 1.0.0 | 20.00 | 50.00 | 70.00 | OK | |
r-oldrel-macos-arm64 | 1.0.0 | OK | ||||
r-oldrel-macos-x86_64 | 1.0.0 | OK | ||||
r-oldrel-windows-ix86+x86_64 | 1.0.0 | 9.00 | 47.00 | 56.00 | OK |
Version: 1.0.0
Check: compiled code
Result: NOTE
File ‘scquantum/libs/scquantum.so’:
Found no calls to: ‘R_registerRoutines’, ‘R_useDynamicSymbols’
It is good practice to register native routines and to disable symbol
search.
See ‘Writing portable packages’ in the ‘Writing R Extensions’ manual.
Flavors: r-devel-linux-x86_64-fedora-clang, r-devel-linux-x86_64-fedora-gcc