CRAN Package Check Results for Package scrappy

Last updated on 2022-04-24 03:52:37 CEST.

Flavor Version Tinstall Tcheck Ttotal Status Flags
r-devel-linux-x86_64-debian-clang 0.0.1 1.89 30.50 32.39 NOTE
r-devel-linux-x86_64-debian-gcc 0.0.1 1.59 24.14 25.73 NOTE
r-devel-linux-x86_64-fedora-clang 0.0.1 40.11 NOTE
r-devel-linux-x86_64-fedora-gcc 0.0.1 28.72 NOTE
r-patched-linux-x86_64 0.0.1 1.86 30.26 32.12 NOTE
r-release-linux-x86_64 0.0.1 1.59 29.76 31.35 NOTE
r-release-macos-arm64 0.0.1 NOTE
r-release-macos-x86_64 0.0.1 NOTE
r-release-windows-x86_64 0.0.1 8.00 52.00 60.00 NOTE
r-oldrel-macos-arm64 0.0.1 NOTE
r-oldrel-macos-x86_64 0.0.1 NOTE
r-oldrel-windows-ix86+x86_64 0.0.1 6.00 38.00 44.00 NOTE

Check Details

Version: 0.0.1
Check: LazyData
Result: NOTE
     'LazyData' is specified without a 'data' directory
Flavors: r-devel-linux-x86_64-debian-clang, r-devel-linux-x86_64-debian-gcc, r-devel-linux-x86_64-fedora-clang, r-devel-linux-x86_64-fedora-gcc, r-patched-linux-x86_64, r-release-linux-x86_64, r-release-macos-arm64, r-release-macos-x86_64, r-release-windows-x86_64, r-oldrel-macos-arm64, r-oldrel-macos-x86_64, r-oldrel-windows-ix86+x86_64