Last updated on 2022-04-24 03:52:37 CEST.
Flavor | Version | Tinstall | Tcheck | Ttotal | Status | Flags |
---|---|---|---|---|---|---|
r-devel-linux-x86_64-debian-clang | 1.3.5 | 6.00 | 68.49 | 74.49 | OK | |
r-devel-linux-x86_64-debian-gcc | 1.3.5 | 5.82 | 51.62 | 57.44 | OK | |
r-devel-linux-x86_64-fedora-clang | 1.3.5 | 97.34 | OK | |||
r-devel-linux-x86_64-fedora-gcc | 1.3.5 | 82.47 | OK | |||
r-patched-linux-x86_64 | 1.3.5 | 7.85 | 65.14 | 72.99 | OK | |
r-release-linux-x86_64 | 1.3.5 | 7.09 | 63.45 | 70.54 | OK | |
r-release-macos-arm64 | 1.3.5 | NOTE | ||||
r-release-macos-x86_64 | 1.3.5 | OK | ||||
r-release-windows-x86_64 | 1.3.5 | 36.00 | 81.00 | 117.00 | OK | |
r-oldrel-macos-arm64 | 1.3.5 | NOTE | ||||
r-oldrel-macos-x86_64 | 1.3.5 | OK | ||||
r-oldrel-windows-ix86+x86_64 | 1.3.5 | 12.00 | 73.00 | 85.00 | OK |
Version: 1.3.5
Check: package dependencies
Result: NOTE
Package suggested but not available for checking: ‘oligoClasses’
Flavors: r-release-macos-arm64, r-oldrel-macos-arm64