Last updated on 2022-04-24 03:52:37 CEST.
Flavor | Version | Tinstall | Tcheck | Ttotal | Status | Flags |
---|---|---|---|---|---|---|
r-devel-linux-x86_64-debian-clang | 1.7.4-0 | 124.66 | 49.07 | 173.73 | OK | |
r-devel-linux-x86_64-debian-gcc | 1.7.4-0 | 96.32 | 37.39 | 133.71 | OK | |
r-devel-linux-x86_64-fedora-clang | 1.7.4-0 | 274.17 | OK | |||
r-devel-linux-x86_64-fedora-gcc | 1.7.4-0 | 215.90 | OK | |||
r-patched-linux-x86_64 | 1.7.4-0 | 102.89 | 45.98 | 148.87 | OK | |
r-release-linux-x86_64 | 1.7.4-0 | 101.05 | 45.98 | 147.03 | OK | |
r-release-macos-arm64 | 1.7.4-0 | NOTE | ||||
r-release-macos-x86_64 | 1.7.4-0 | OK | ||||
r-release-windows-x86_64 | 1.7.4-0 | 122.00 | 94.00 | 216.00 | OK | |
r-oldrel-macos-arm64 | 1.7.4-0 | NOTE | ||||
r-oldrel-macos-x86_64 | 1.7.4-0 | OK | ||||
r-oldrel-windows-ix86+x86_64 | 1.7.4-0 | 304.00 | 94.00 | 398.00 | OK |
Version: 1.7.4-0
Check: installed package size
Result: NOTE
installed size is 5.3Mb
sub-directories of 1Mb or more:
libs 5.2Mb
Flavors: r-release-macos-arm64, r-oldrel-macos-arm64