Last updated on 2022-04-24 03:52:37 CEST.
Flavor | Version | Tinstall | Tcheck | Ttotal | Status | Flags |
---|---|---|---|---|---|---|
r-devel-linux-x86_64-debian-clang | 0.3.3 | 48.50 | 136.35 | 184.85 | WARN | |
r-devel-linux-x86_64-debian-gcc | 0.3.3 | 41.89 | 100.08 | 141.97 | NOTE | |
r-devel-linux-x86_64-fedora-clang | 0.3.3 | 234.66 | WARN | |||
r-devel-linux-x86_64-fedora-gcc | 0.3.3 | 219.99 | NOTE | |||
r-patched-linux-x86_64 | 0.3.3 | 47.06 | 125.59 | 172.65 | NOTE | |
r-release-linux-x86_64 | 0.3.3 | 44.75 | 119.24 | 163.99 | NOTE | |
r-release-macos-arm64 | 0.3.3 | NOTE | ||||
r-release-macos-x86_64 | 0.3.3 | NOTE | ||||
r-release-windows-x86_64 | 0.3.3 | 74.00 | 175.00 | 249.00 | OK | |
r-oldrel-macos-arm64 | 0.3.3 | NOTE | ||||
r-oldrel-macos-x86_64 | 0.3.3 | NOTE | ||||
r-oldrel-windows-ix86+x86_64 | 0.3.3 | 112.00 | 197.00 | 309.00 | OK |
Version: 0.3.3
Check: package dependencies
Result: NOTE
Package which this enhances but not available for checking: 'glmGamPoi'
Flavors: r-devel-linux-x86_64-debian-clang, r-devel-linux-x86_64-debian-gcc, r-devel-linux-x86_64-fedora-clang, r-devel-linux-x86_64-fedora-gcc, r-patched-linux-x86_64, r-release-linux-x86_64, r-release-macos-arm64, r-release-macos-x86_64, r-oldrel-macos-arm64, r-oldrel-macos-x86_64
Version: 0.3.3
Check: whether package can be installed
Result: WARN
Found the following significant warnings:
utils.cpp:364:35: warning: use of bitwise '|' with boolean operands [-Wbitwise-instead-of-logical]
Flavors: r-devel-linux-x86_64-debian-clang, r-devel-linux-x86_64-fedora-clang