Last updated on 2022-04-24 03:52:37 CEST.
Flavor | Version | Tinstall | Tcheck | Ttotal | Status | Flags |
---|---|---|---|---|---|---|
r-devel-linux-x86_64-debian-clang | 1.0-0 | 7.77 | 107.19 | 114.96 | NOTE | |
r-devel-linux-x86_64-debian-gcc | 1.0-0 | 7.53 | 80.38 | 87.91 | NOTE | |
r-devel-linux-x86_64-fedora-clang | 1.0-0 | 142.36 | NOTE | |||
r-devel-linux-x86_64-fedora-gcc | 1.0-0 | 130.70 | NOTE | |||
r-patched-linux-x86_64 | 1.0-0 | 9.73 | 101.57 | 111.30 | NOTE | |
r-release-linux-x86_64 | 1.0-0 | 11.42 | 95.88 | 107.30 | NOTE | |
r-release-macos-arm64 | 1.0-0 | NOTE | ||||
r-release-macos-x86_64 | 1.0-0 | NOTE | ||||
r-release-windows-x86_64 | 1.0-0 | 26.00 | 121.00 | 147.00 | NOTE | |
r-oldrel-macos-arm64 | 1.0-0 | NOTE | ||||
r-oldrel-macos-x86_64 | 1.0-0 | NOTE | ||||
r-oldrel-windows-ix86+x86_64 | 1.0-0 | 22.00 | 115.00 | 137.00 | NOTE |
Version: 1.0-0
Check: LazyData
Result: NOTE
'LazyData' is specified without a 'data' directory
Flavors: r-devel-linux-x86_64-debian-clang, r-devel-linux-x86_64-debian-gcc, r-devel-linux-x86_64-fedora-clang, r-devel-linux-x86_64-fedora-gcc, r-patched-linux-x86_64, r-release-linux-x86_64, r-release-macos-arm64, r-release-macos-x86_64, r-release-windows-x86_64, r-oldrel-macos-arm64, r-oldrel-macos-x86_64, r-oldrel-windows-ix86+x86_64