Last updated on 2022-04-24 03:52:37 CEST.
Flavor | Version | Tinstall | Tcheck | Ttotal | Status | Flags |
---|---|---|---|---|---|---|
r-devel-linux-x86_64-debian-clang | 0.1.0 | 5.54 | 56.78 | 62.32 | OK | |
r-devel-linux-x86_64-debian-gcc | 0.1.0 | 4.26 | 42.40 | 46.66 | OK | |
r-devel-linux-x86_64-fedora-clang | 0.1.0 | 75.47 | NOTE | |||
r-devel-linux-x86_64-fedora-gcc | 0.1.0 | 60.85 | NOTE | |||
r-patched-linux-x86_64 | 0.1.0 | 4.66 | 53.97 | 58.63 | OK | |
r-release-linux-x86_64 | 0.1.0 | 4.83 | 51.62 | 56.45 | OK | |
r-release-macos-arm64 | 0.1.0 | NOTE | ||||
r-release-macos-x86_64 | 0.1.0 | NOTE | ||||
r-release-windows-x86_64 | 0.1.0 | 17.00 | 70.00 | 87.00 | OK | |
r-oldrel-macos-arm64 | 0.1.0 | NOTE | ||||
r-oldrel-macos-x86_64 | 0.1.0 | NOTE | ||||
r-oldrel-windows-ix86+x86_64 | 0.1.0 | 13.00 | 62.00 | 75.00 | OK |
Version: 0.1.0
Check: data for non-ASCII characters
Result: NOTE
Note: found 1 marked UTF-8 string
Flavors: r-devel-linux-x86_64-fedora-clang, r-devel-linux-x86_64-fedora-gcc, r-release-macos-arm64, r-release-macos-x86_64, r-oldrel-macos-arm64, r-oldrel-macos-x86_64