Last updated on 2022-04-24 03:52:37 CEST.
| Flavor | Version | Tinstall | Tcheck | Ttotal | Status | Flags | 
|---|---|---|---|---|---|---|
| r-devel-linux-x86_64-debian-clang | 5.6.1 | 74.77 | 260.11 | 334.88 | OK | |
| r-devel-linux-x86_64-debian-gcc | 5.6.1 | 56.77 | 171.91 | 228.68 | OK | |
| r-devel-linux-x86_64-fedora-clang | 5.6.1 | 406.37 | OK | |||
| r-devel-linux-x86_64-fedora-gcc | 5.6.1 | 345.90 | OK | |||
| r-patched-linux-x86_64 | 5.6.1 | 63.76 | 210.14 | 273.90 | OK | |
| r-release-linux-x86_64 | 5.6.1 | 62.94 | 203.77 | 266.71 | OK | |
| r-release-macos-arm64 | 5.6.1 | NOTE | ||||
| r-release-macos-x86_64 | 5.6.1 | OK | ||||
| r-release-windows-x86_64 | 5.6.1 | 183.00 | 292.00 | 475.00 | OK | |
| r-oldrel-macos-arm64 | 5.6.1 | NOTE | ||||
| r-oldrel-macos-x86_64 | 5.6.1 | OK | ||||
| r-oldrel-windows-ix86+x86_64 | 5.6.1 | 165.00 | 345.00 | 510.00 | NOTE | 
Version: 5.6.1
Check: installed package size
Result: NOTE
      installed size is  5.2Mb
      sub-directories of 1Mb or more:
        libs   2.2Mb
Flavors: r-release-macos-arm64, r-oldrel-macos-arm64, r-oldrel-windows-ix86+x86_64