Last updated on 2022-04-24 03:52:37 CEST.
Flavor | Version | Tinstall | Tcheck | Ttotal | Status | Flags |
---|---|---|---|---|---|---|
r-devel-linux-x86_64-debian-clang | 0.32.2 | 87.63 | 158.35 | 245.98 | WARN | |
r-devel-linux-x86_64-debian-gcc | 0.32.2 | 69.13 | 109.29 | 178.42 | OK | |
r-devel-linux-x86_64-fedora-clang | 0.32.2 | 331.40 | WARN | |||
r-devel-linux-x86_64-fedora-gcc | 0.32.2 | 275.09 | NOTE | |||
r-patched-linux-x86_64 | 0.32.2 | 54.19 | 137.07 | 191.26 | OK | |
r-release-linux-x86_64 | 0.32.2 | 52.64 | 127.20 | 179.84 | OK | |
r-release-macos-arm64 | 0.32.2 | NOTE | ||||
r-release-macos-x86_64 | 0.32.2 | NOTE | ||||
r-release-windows-x86_64 | 0.32.2 | 260.00 | 198.00 | 458.00 | OK | |
r-oldrel-macos-arm64 | 0.32.2 | NOTE | ||||
r-oldrel-macos-x86_64 | 0.32.2 | NOTE | ||||
r-oldrel-windows-ix86+x86_64 | 0.32.2 | 179.00 | 197.00 | 376.00 | NOTE |
Version: 0.32.2
Check: whether package can be installed
Result: WARN
Found the following significant warnings:
suppMultDimTable.cpp:154:23: warning: use of bitwise '&' with boolean operands [-Wbitwise-instead-of-logical]
Flavors: r-devel-linux-x86_64-debian-clang, r-devel-linux-x86_64-fedora-clang
Version: 0.32.2
Check: dependencies in R code
Result: NOTE
Namespace in Imports field not imported from: 'lpSolveAPI'
All declared Imports should be used.
Flavors: r-devel-linux-x86_64-fedora-clang, r-devel-linux-x86_64-fedora-gcc, r-release-macos-arm64, r-release-macos-x86_64, r-oldrel-macos-arm64, r-oldrel-macos-x86_64
Version: 0.32.2
Check: Rd cross-references
Result: NOTE
Undeclared package ‘RegSDC’ in Rd xrefs
Flavor: r-devel-linux-x86_64-fedora-clang
Version: 0.32.2
Check: installed package size
Result: NOTE
installed size is 9.0Mb
sub-directories of 1Mb or more:
R 2.1Mb
libs 6.6Mb
Flavors: r-release-macos-arm64, r-release-macos-x86_64, r-oldrel-macos-arm64, r-oldrel-macos-x86_64, r-oldrel-windows-ix86+x86_64