Last updated on 2022-04-24 03:52:37 CEST.
Flavor | Version | Tinstall | Tcheck | Ttotal | Status | Flags |
---|---|---|---|---|---|---|
r-devel-linux-x86_64-debian-clang | 0.9-11 | 6.29 | 50.06 | 56.35 | NOTE | |
r-devel-linux-x86_64-debian-gcc | 0.9-11 | 5.39 | 37.27 | 42.66 | NOTE | |
r-devel-linux-x86_64-fedora-clang | 0.9-11 | 68.03 | NOTE | |||
r-devel-linux-x86_64-fedora-gcc | 0.9-11 | 56.57 | NOTE | |||
r-patched-linux-x86_64 | 0.9-11 | 6.67 | 47.38 | 54.05 | NOTE | |
r-release-linux-x86_64 | 0.9-11 | 7.19 | 45.50 | 52.69 | NOTE | |
r-release-macos-arm64 | 0.9-11 | NOTE | ||||
r-release-macos-x86_64 | 0.9-11 | NOTE | ||||
r-release-windows-x86_64 | 0.9-11 | 25.00 | 70.00 | 95.00 | NOTE | |
r-oldrel-macos-arm64 | 0.9-11 | NOTE | ||||
r-oldrel-macos-x86_64 | 0.9-11 | NOTE | ||||
r-oldrel-windows-ix86+x86_64 | 0.9-11 | 13.00 | 61.00 | 74.00 | NOTE |
Version: 0.9-11
Check: R code for possible problems
Result: NOTE
estimateTimeToComputeTargetDefinition: no visible global function
definition for 'flush.console'
estimateTimeToComputeTargetDefinition: no visible global function
definition for 'combn'
initialize,sdcTargetDefinitionClass: no visible global function
definition for 'flush.console'
initialize,sdcTargetDefinitionClass: no visible global function
definition for 'combn'
initialize,sdcTargetDefinitionClass: no visible global function
definition for 'quantile'
initialize,sdcTargetMatrixClass: no visible global function definition
for 'flush.console'
Undefined global functions or variables:
combn flush.console quantile
Consider adding
importFrom("stats", "quantile")
importFrom("utils", "combn", "flush.console")
to your NAMESPACE file.
Flavors: r-devel-linux-x86_64-debian-clang, r-devel-linux-x86_64-debian-gcc, r-devel-linux-x86_64-fedora-clang, r-devel-linux-x86_64-fedora-gcc, r-patched-linux-x86_64, r-release-linux-x86_64, r-release-macos-arm64, r-release-macos-x86_64, r-release-windows-x86_64, r-oldrel-macos-arm64, r-oldrel-macos-x86_64, r-oldrel-windows-ix86+x86_64