Last updated on 2022-04-24 03:52:37 CEST.
Flavor | Version | Tinstall | Tcheck | Ttotal | Status | Flags |
---|---|---|---|---|---|---|
r-devel-linux-x86_64-debian-clang | 2.0.15 | 13.10 | 114.92 | 128.02 | OK | |
r-devel-linux-x86_64-debian-gcc | 2.0.15 | 10.74 | 86.82 | 97.56 | OK | |
r-devel-linux-x86_64-fedora-clang | 2.0.15 | 154.51 | NOTE | |||
r-devel-linux-x86_64-fedora-gcc | 2.0.15 | 142.64 | NOTE | |||
r-patched-linux-x86_64 | 2.0.15 | 12.04 | 109.81 | 121.85 | OK | |
r-release-linux-x86_64 | 2.0.15 | 8.32 | 104.62 | 112.94 | OK | |
r-release-macos-arm64 | 2.0.15 | OK | ||||
r-release-macos-x86_64 | 2.0.15 | OK | ||||
r-release-windows-x86_64 | 2.0.15 | 35.00 | 145.00 | 180.00 | OK | |
r-oldrel-macos-arm64 | 2.0.15 | OK | ||||
r-oldrel-macos-x86_64 | 2.0.15 | OK | ||||
r-oldrel-windows-ix86+x86_64 | 2.0.15 | 27.00 | 168.00 | 195.00 | OK |
Version: 2.0.15
Check: compiled code
Result: NOTE
File ‘sde/libs/sde.so’:
Found no call to: ‘R_useDynamicSymbols’
It is good practice to register native routines and to disable symbol
search.
See ‘Writing portable packages’ in the ‘Writing R Extensions’ manual.
Flavors: r-devel-linux-x86_64-fedora-clang, r-devel-linux-x86_64-fedora-gcc