Last updated on 2022-04-24 03:52:37 CEST.
Flavor | Version | Tinstall | Tcheck | Ttotal | Status | Flags |
---|---|---|---|---|---|---|
r-devel-linux-x86_64-debian-clang | 1.7 | 3.38 | 59.78 | 63.16 | NOTE | |
r-devel-linux-x86_64-debian-gcc | 1.7 | 2.30 | 42.17 | 44.47 | NOTE | |
r-devel-linux-x86_64-fedora-clang | 1.7 | 75.58 | NOTE | |||
r-devel-linux-x86_64-fedora-gcc | 1.7 | 63.78 | NOTE | |||
r-patched-linux-x86_64 | 1.7 | 3.46 | 57.79 | 61.25 | NOTE | |
r-release-linux-x86_64 | 1.7 | 3.22 | 57.38 | 60.60 | NOTE | |
r-release-macos-arm64 | 1.7 | OK | ||||
r-release-macos-x86_64 | 1.7 | OK | ||||
r-release-windows-x86_64 | 1.7 | 17.00 | 69.00 | 86.00 | OK | |
r-oldrel-macos-arm64 | 1.7 | OK | ||||
r-oldrel-macos-x86_64 | 1.7 | OK | ||||
r-oldrel-windows-ix86+x86_64 | 1.7 | 7.00 | 46.00 | 53.00 | OK |
Version: 1.7
Check: for non-standard things in the check directory
Result: NOTE
Found the following files/directories:
'MC p-value.ps' 'Output.csv' 'Rh.ps' 'Th.ps' 'dataratio .Rdata'
'featuresRmax.csv' 'featuresT.csv'
Flavors: r-devel-linux-x86_64-debian-clang, r-devel-linux-x86_64-debian-gcc, r-devel-linux-x86_64-fedora-clang, r-devel-linux-x86_64-fedora-gcc, r-patched-linux-x86_64, r-release-linux-x86_64