Last updated on 2022-04-24 03:52:37 CEST.
Flavor | Version | Tinstall | Tcheck | Ttotal | Status | Flags |
---|---|---|---|---|---|---|
r-devel-linux-x86_64-debian-clang | 0.1.8 | 157.90 | 75.05 | 232.95 | OK | |
r-devel-linux-x86_64-debian-gcc | 0.1.8 | 124.56 | 53.96 | 178.52 | OK | |
r-devel-linux-x86_64-fedora-clang | 0.1.8 | 346.14 | NOTE | |||
r-devel-linux-x86_64-fedora-gcc | 0.1.8 | 295.06 | OK | |||
r-patched-linux-x86_64 | 0.1.8 | 142.77 | 68.80 | 211.57 | OK | |
r-release-linux-x86_64 | 0.1.8 | 129.57 | 68.52 | 198.09 | OK | |
r-release-macos-arm64 | 0.1.8 | NOTE | ||||
r-release-macos-x86_64 | 0.1.8 | NOTE | ||||
r-release-windows-x86_64 | 0.1.8 | 153.00 | 117.00 | 270.00 | OK | |
r-oldrel-macos-arm64 | 0.1.8 | NOTE | ||||
r-oldrel-macos-x86_64 | 0.1.8 | NOTE | ||||
r-oldrel-windows-ix86+x86_64 | 0.1.8 | 366.00 | 134.00 | 500.00 | OK |
Version: 0.1.8
Check: installed package size
Result: NOTE
installed size is 8.1Mb
sub-directories of 1Mb or more:
libs 7.2Mb
Flavors: r-devel-linux-x86_64-fedora-clang, r-release-macos-arm64, r-release-macos-x86_64, r-oldrel-macos-arm64, r-oldrel-macos-x86_64