Last updated on 2022-04-24 03:52:37 CEST.
Flavor | Version | Tinstall | Tcheck | Ttotal | Status | Flags |
---|---|---|---|---|---|---|
r-devel-linux-x86_64-debian-clang | 0.1-2 | 2.47 | 34.20 | 36.67 | WARN | |
r-devel-linux-x86_64-debian-gcc | 0.1-3 | 1.66 | 26.81 | 28.47 | OK | |
r-devel-linux-x86_64-fedora-clang | 0.1-3 | 46.31 | OK | |||
r-devel-linux-x86_64-fedora-gcc | 0.1-3 | 35.88 | OK | |||
r-patched-linux-x86_64 | 0.1-3 | 1.55 | 32.82 | 34.37 | OK | |
r-release-linux-x86_64 | 0.1-2 | 1.84 | 32.71 | 34.55 | NOTE | |
r-release-macos-arm64 | 0.1-2 | NOTE | ||||
r-release-macos-x86_64 | 0.1-2 | NOTE | ||||
r-release-windows-x86_64 | 0.1-2 | 16.00 | 56.00 | 72.00 | NOTE | |
r-oldrel-macos-arm64 | 0.1-2 | NOTE | ||||
r-oldrel-macos-x86_64 | 0.1-2 | NOTE | ||||
r-oldrel-windows-ix86+x86_64 | 0.1-3 | 5.00 | 42.00 | 47.00 | OK |
Version: 0.1-2
Check: dependencies in R code
Result: NOTE
Package in Depends field not imported from: 'lars'
These packages need to be imported from (in the NAMESPACE file)
for when this namespace is loaded but not attached.
Flavors: r-devel-linux-x86_64-debian-clang, r-release-linux-x86_64, r-release-macos-arm64, r-release-macos-x86_64, r-release-windows-x86_64, r-oldrel-macos-arm64, r-oldrel-macos-x86_64
Version: 0.1-2
Check: R code for possible problems
Result: NOTE
sealasso: no visible global function definition for 'lars'
weight.calc: no visible global function definition for 'lars'
Undefined global functions or variables:
lars
Flavors: r-devel-linux-x86_64-debian-clang, r-release-linux-x86_64, r-release-macos-arm64, r-release-macos-x86_64, r-release-windows-x86_64, r-oldrel-macos-arm64, r-oldrel-macos-x86_64
Version: 0.1-2
Check: Rd files
Result: WARN
checkRd: (7) sealasso.Rd:32: invalid email address: <weiqian@stat.umn.edu>
checkRd: (7) summary.sealasso.Rd:29: invalid email address: <weiqian@stat.umn.edu>
Flavor: r-devel-linux-x86_64-debian-clang