Last updated on 2022-04-24 03:52:37 CEST.
Flavor | Version | Tinstall | Tcheck | Ttotal | Status | Flags |
---|---|---|---|---|---|---|
r-devel-linux-x86_64-debian-clang | 0.4.0 | 4.99 | 48.17 | 53.16 | NOTE | |
r-devel-linux-x86_64-debian-gcc | 0.4.0 | 3.60 | 36.87 | 40.47 | NOTE | |
r-devel-linux-x86_64-fedora-clang | 0.4.0 | 63.53 | NOTE | |||
r-devel-linux-x86_64-fedora-gcc | 0.4.0 | 51.75 | NOTE | |||
r-patched-linux-x86_64 | 0.4.0 | 4.31 | 46.07 | 50.38 | NOTE | |
r-release-linux-x86_64 | 0.4.0 | 4.35 | 44.39 | 48.74 | NOTE | |
r-release-macos-arm64 | 0.4.0 | NOTE | ||||
r-release-macos-x86_64 | 0.4.0 | NOTE | ||||
r-release-windows-x86_64 | 0.4.0 | 30.00 | 70.00 | 100.00 | NOTE | |
r-oldrel-macos-arm64 | 0.4.0 | NOTE | ||||
r-oldrel-macos-x86_64 | 0.4.0 | NOTE | ||||
r-oldrel-windows-ix86+x86_64 | 0.4.0 | 10.00 | 55.00 | 65.00 | NOTE |
Version: 0.4.0
Check: LazyData
Result: NOTE
'LazyData' is specified without a 'data' directory
Flavors: r-devel-linux-x86_64-debian-clang, r-devel-linux-x86_64-debian-gcc, r-devel-linux-x86_64-fedora-clang, r-devel-linux-x86_64-fedora-gcc, r-patched-linux-x86_64, r-release-linux-x86_64, r-release-macos-arm64, r-release-macos-x86_64, r-release-windows-x86_64, r-oldrel-macos-arm64, r-oldrel-macos-x86_64, r-oldrel-windows-ix86+x86_64