Last updated on 2022-04-24 03:52:37 CEST.
Flavor | Version | Tinstall | Tcheck | Ttotal | Status | Flags |
---|---|---|---|---|---|---|
r-devel-linux-x86_64-debian-clang | 0.5-2 | 6.57 | 74.33 | 80.90 | OK | |
r-devel-linux-x86_64-debian-gcc | 0.5-2 | 6.07 | 54.39 | 60.46 | OK | |
r-devel-linux-x86_64-fedora-clang | 0.5-2 | 95.87 | NOTE | |||
r-devel-linux-x86_64-fedora-gcc | 0.5-2 | 83.74 | NOTE | |||
r-patched-linux-x86_64 | 0.5-2 | 8.87 | 69.71 | 78.58 | OK | |
r-release-linux-x86_64 | 0.5-2 | 6.06 | 69.30 | 75.36 | OK | |
r-release-macos-arm64 | 0.5-2 | NOTE | ||||
r-release-macos-x86_64 | 0.5-2 | NOTE | ||||
r-release-windows-x86_64 | 0.5-2 | 30.00 | 98.00 | 128.00 | OK | |
r-oldrel-macos-arm64 | 0.5-2 | NOTE | ||||
r-oldrel-macos-x86_64 | 0.5-2 | NOTE | ||||
r-oldrel-windows-ix86+x86_64 | 0.5-2 | 17.00 | 136.00 | 153.00 | OK |
Version: 0.5-2
Check: data for non-ASCII characters
Result: NOTE
Note: found 3 marked UTF-8 strings
Flavors: r-devel-linux-x86_64-fedora-clang, r-devel-linux-x86_64-fedora-gcc, r-release-macos-arm64, r-release-macos-x86_64, r-oldrel-macos-arm64, r-oldrel-macos-x86_64