Last updated on 2022-04-24 03:52:37 CEST.
Flavor | Version | Tinstall | Tcheck | Ttotal | Status | Flags |
---|---|---|---|---|---|---|
r-devel-linux-x86_64-debian-clang | 2.1.7 | 5.64 | 252.06 | 257.70 | OK | |
r-devel-linux-x86_64-debian-gcc | 2.1.7 | 4.80 | 183.98 | 188.78 | OK | |
r-devel-linux-x86_64-fedora-clang | 2.1.7 | 316.72 | OK | |||
r-devel-linux-x86_64-fedora-gcc | 2.1.7 | 303.43 | OK | |||
r-patched-linux-x86_64 | 2.1.7 | 5.18 | 245.52 | 250.70 | OK | |
r-release-linux-x86_64 | 2.1.7 | 3.98 | 240.65 | 244.63 | OK | |
r-release-macos-arm64 | 2.1.7 | OK | ||||
r-release-macos-x86_64 | 2.1.7 | OK | ||||
r-release-windows-x86_64 | 2.1.7 | 24.00 | 283.00 | 307.00 | NOTE | |
r-oldrel-macos-arm64 | 2.1.7 | OK | ||||
r-oldrel-macos-x86_64 | 2.1.7 | OK | ||||
r-oldrel-windows-ix86+x86_64 | 2.1.7 | 15.00 | 435.00 | 450.00 | NOTE |
Version: 2.1.7
Check: package dependencies
Result: NOTE
Package which this enhances but not available for checking: 'doMC'
Flavors: r-release-windows-x86_64, r-oldrel-windows-ix86+x86_64