Last updated on 2022-04-24 03:52:37 CEST.
Flavor | Version | Tinstall | Tcheck | Ttotal | Status | Flags |
---|---|---|---|---|---|---|
r-devel-linux-x86_64-debian-clang | 1.0.9 | 9.87 | 133.77 | 143.64 | NOTE | |
r-devel-linux-x86_64-debian-gcc | 1.0.9 | 8.62 | 97.48 | 106.10 | NOTE | |
r-devel-linux-x86_64-fedora-clang | 1.0.9 | 184.61 | NOTE | |||
r-devel-linux-x86_64-fedora-gcc | 1.0.9 | 153.13 | NOTE | |||
r-patched-linux-x86_64 | 1.0.9 | 8.05 | 123.58 | 131.63 | NOTE | |
r-release-linux-x86_64 | 1.0.9 | 6.03 | 119.77 | 125.80 | NOTE | |
r-release-macos-arm64 | 1.0.9 | NOTE | ||||
r-release-macos-x86_64 | 1.0.9 | NOTE | ||||
r-release-windows-x86_64 | 1.0.9 | 335.00 | 193.00 | 528.00 | NOTE | |
r-oldrel-macos-arm64 | 1.0.9 | NOTE | ||||
r-oldrel-macos-x86_64 | 1.0.9 | NOTE | ||||
r-oldrel-windows-ix86+x86_64 | 1.0.9 | 20.00 | 194.00 | 214.00 | NOTE |
Version: 1.0.9
Check: LazyData
Result: NOTE
'LazyData' is specified without a 'data' directory
Flavors: r-devel-linux-x86_64-debian-clang, r-devel-linux-x86_64-debian-gcc, r-devel-linux-x86_64-fedora-clang, r-devel-linux-x86_64-fedora-gcc, r-patched-linux-x86_64, r-release-linux-x86_64, r-release-macos-arm64, r-release-macos-x86_64, r-release-windows-x86_64, r-oldrel-macos-arm64, r-oldrel-macos-x86_64, r-oldrel-windows-ix86+x86_64