Last updated on 2022-04-24 03:52:37 CEST.
Flavor | Version | Tinstall | Tcheck | Ttotal | Status | Flags |
---|---|---|---|---|---|---|
r-devel-linux-x86_64-debian-clang | 0.6 | 43.58 | 49.24 | 92.82 | OK | |
r-devel-linux-x86_64-debian-gcc | 0.6 | 36.53 | 37.29 | 73.82 | OK | |
r-devel-linux-x86_64-fedora-clang | 0.6 | 133.42 | OK | |||
r-devel-linux-x86_64-fedora-gcc | 0.6 | 108.23 | OK | |||
r-patched-linux-x86_64 | 0.6 | 42.16 | 46.00 | 88.16 | OK | |
r-release-linux-x86_64 | 0.6 | 37.75 | 44.67 | 82.42 | OK | |
r-release-macos-arm64 | 0.6 | NOTE | ||||
r-release-macos-x86_64 | 0.6 | OK | ||||
r-release-windows-x86_64 | 0.6 | 44.00 | 85.00 | 129.00 | OK | |
r-oldrel-macos-arm64 | 0.6 | NOTE | ||||
r-oldrel-macos-x86_64 | 0.6 | OK | ||||
r-oldrel-windows-ix86+x86_64 | 0.6 | 100.00 | 91.00 | 191.00 | OK |
Version: 0.6
Check: installed package size
Result: NOTE
installed size is 5.6Mb
sub-directories of 1Mb or more:
libs 4.6Mb
Flavors: r-release-macos-arm64, r-oldrel-macos-arm64