Last updated on 2022-04-24 03:52:38 CEST.
Flavor | Version | Tinstall | Tcheck | Ttotal | Status | Flags |
---|---|---|---|---|---|---|
r-devel-linux-x86_64-debian-clang | 3.0 | 15.07 | 134.68 | 149.75 | NOTE | |
r-devel-linux-x86_64-debian-gcc | 3.0 | 11.31 | 99.37 | 110.68 | NOTE | |
r-devel-linux-x86_64-fedora-clang | 3.0 | 184.28 | NOTE | |||
r-devel-linux-x86_64-fedora-gcc | 3.0 | 167.57 | NOTE | |||
r-patched-linux-x86_64 | 3.0 | 11.07 | 125.90 | 136.97 | OK | |
r-release-linux-x86_64 | 3.0 | 8.85 | 116.19 | 125.04 | OK | |
r-release-macos-arm64 | 3.0 | OK | ||||
r-release-macos-x86_64 | 3.0 | OK | ||||
r-release-windows-x86_64 | 3.0 | 22.00 | 140.00 | 162.00 | OK | |
r-oldrel-macos-arm64 | 3.0 | OK | ||||
r-oldrel-macos-x86_64 | 3.0 | OK | ||||
r-oldrel-windows-ix86+x86_64 | 3.0 | 32.00 | 135.00 | 167.00 | OK |
Version: 3.0
Check: Rd files
Result: NOTE
checkRd: (7) file 'seedCCA.Rd': \item in \value must have non-empty label
checkRd: (7) file 'selectu.Rd': \item in \value must have non-empty label
Flavors: r-devel-linux-x86_64-debian-clang, r-devel-linux-x86_64-debian-gcc, r-devel-linux-x86_64-fedora-clang, r-devel-linux-x86_64-fedora-gcc