Last updated on 2022-04-24 03:52:38 CEST.
Flavor | Version | Tinstall | Tcheck | Ttotal | Status | Flags |
---|---|---|---|---|---|---|
r-devel-linux-x86_64-debian-clang | 0.9.1 | 6.82 | 86.18 | 93.00 | OK | |
r-devel-linux-x86_64-debian-gcc | 0.9.1 | 5.75 | 62.29 | 68.04 | OK | |
r-devel-linux-x86_64-fedora-clang | 0.9.1 | 110.90 | NOTE | |||
r-devel-linux-x86_64-fedora-gcc | 0.9.1 | 99.55 | NOTE | |||
r-patched-linux-x86_64 | 0.9.1 | 11.47 | 78.55 | 90.02 | OK | |
r-release-linux-x86_64 | 0.9.1 | 5.11 | 76.21 | 81.32 | OK | |
r-release-macos-arm64 | 0.9.1 | NOTE | ||||
r-release-macos-x86_64 | 0.9.1 | NOTE | ||||
r-release-windows-x86_64 | 0.9.1 | 37.00 | 105.00 | 142.00 | OK | |
r-oldrel-macos-arm64 | 0.9.1 | NOTE | ||||
r-oldrel-macos-x86_64 | 0.9.1 | NOTE | ||||
r-oldrel-windows-ix86+x86_64 | 0.9.1 | 16.00 | 94.00 | 110.00 | OK |
Version: 0.9.1
Check: package dependencies
Result: NOTE
Package suggested but not available for checking: ‘rsbml’
Flavors: r-devel-linux-x86_64-fedora-clang, r-devel-linux-x86_64-fedora-gcc, r-release-macos-arm64, r-release-macos-x86_64, r-oldrel-macos-arm64, r-oldrel-macos-x86_64