Last updated on 2022-04-24 03:52:38 CEST.
Flavor | Version | Tinstall | Tcheck | Ttotal | Status | Flags |
---|---|---|---|---|---|---|
r-devel-linux-x86_64-debian-clang | 1.1.7 | 10.65 | 129.90 | 140.55 | OK | |
r-devel-linux-x86_64-debian-gcc | 1.1.7 | 7.62 | 93.98 | 101.60 | OK | |
r-devel-linux-x86_64-fedora-clang | 1.1.7 | 164.03 | NOTE | |||
r-devel-linux-x86_64-fedora-gcc | 1.1.7 | 154.45 | NOTE | |||
r-patched-linux-x86_64 | 1.1.7 | 7.12 | 123.47 | 130.59 | OK | |
r-release-linux-x86_64 | 1.1.7 | 6.62 | 118.61 | 125.23 | OK | |
r-release-macos-arm64 | 1.1.7 | NOTE | ||||
r-release-macos-x86_64 | 1.1.7 | NOTE | ||||
r-release-windows-x86_64 | 1.1.7 | 23.00 | 137.00 | 160.00 | OK | |
r-oldrel-macos-arm64 | 1.1.7 | NOTE | ||||
r-oldrel-macos-x86_64 | 1.1.7 | NOTE | ||||
r-oldrel-windows-ix86+x86_64 | 1.1.7 | 23.00 | 138.00 | 161.00 | OK |
Version: 1.1.7
Check: dependencies in R code
Result: NOTE
Namespace in Imports field not imported from: ‘MASS’
All declared Imports should be used.
Flavors: r-devel-linux-x86_64-fedora-clang, r-devel-linux-x86_64-fedora-gcc, r-release-macos-arm64, r-release-macos-x86_64, r-oldrel-macos-arm64, r-oldrel-macos-x86_64