Last updated on 2022-04-24 03:52:38 CEST.
Flavor | Version | Tinstall | Tcheck | Ttotal | Status | Flags |
---|---|---|---|---|---|---|
r-devel-linux-x86_64-debian-clang | 0.1.2 | 30.38 | 99.63 | 130.01 | OK | |
r-devel-linux-x86_64-debian-gcc | 0.1.2 | 22.00 | 75.18 | 97.18 | OK | |
r-devel-linux-x86_64-fedora-clang | 0.1.2 | 168.85 | NOTE | |||
r-devel-linux-x86_64-fedora-gcc | 0.1.2 | 142.33 | NOTE | |||
r-patched-linux-x86_64 | 0.1.2 | 24.57 | 96.16 | 120.73 | OK | |
r-release-linux-x86_64 | 0.1.2 | 24.02 | 90.54 | 114.56 | OK | |
r-release-macos-arm64 | 0.1.2 | NOTE | ||||
r-release-macos-x86_64 | 0.1.2 | NOTE | ||||
r-release-windows-x86_64 | 0.1.2 | 63.00 | 143.00 | 206.00 | OK | |
r-oldrel-macos-arm64 | 0.1.2 | NOTE | ||||
r-oldrel-macos-x86_64 | 0.1.2 | NOTE | ||||
r-oldrel-windows-ix86+x86_64 | 0.1.2 | 71.00 | 157.00 | 228.00 | OK |
Version: 0.1.2
Check: package dependencies
Result: NOTE
Packages suggested but not available for checking:
'flowMerge', 'flowClust', 'flowCore'
Flavors: r-devel-linux-x86_64-fedora-clang, r-devel-linux-x86_64-fedora-gcc
Version: 0.1.2
Check: Rd cross-references
Result: NOTE
Packages unavailable to check Rd xrefs: ‘flowClust’, ‘flowMerge’
Flavors: r-devel-linux-x86_64-fedora-clang, r-devel-linux-x86_64-fedora-gcc, r-release-macos-arm64, r-release-macos-x86_64, r-oldrel-macos-arm64, r-oldrel-macos-x86_64
Version: 0.1.2
Check: package dependencies
Result: NOTE
Packages suggested but not available for checking: 'flowMerge', 'flowClust'
Flavors: r-release-macos-arm64, r-release-macos-x86_64, r-oldrel-macos-arm64, r-oldrel-macos-x86_64