Last updated on 2022-04-24 03:52:38 CEST.
Flavor | Version | Tinstall | Tcheck | Ttotal | Status | Flags |
---|---|---|---|---|---|---|
r-devel-linux-x86_64-debian-clang | 1.0 | 2.06 | 35.85 | 37.91 | NOTE | |
r-devel-linux-x86_64-debian-gcc | 1.0 | 1.71 | 26.93 | 28.64 | NOTE | |
r-devel-linux-x86_64-fedora-clang | 1.0 | 45.58 | NOTE | |||
r-devel-linux-x86_64-fedora-gcc | 1.0 | 34.22 | NOTE | |||
r-patched-linux-x86_64 | 1.0 | 2.36 | 33.41 | 35.77 | NOTE | |
r-release-linux-x86_64 | 1.0 | 1.70 | 33.45 | 35.15 | NOTE | |
r-release-macos-arm64 | 1.0 | NOTE | ||||
r-release-macos-x86_64 | 1.0 | NOTE | ||||
r-release-windows-x86_64 | 1.0 | 14.00 | 55.00 | 69.00 | NOTE | |
r-oldrel-macos-arm64 | 1.0 | NOTE | ||||
r-oldrel-macos-x86_64 | 1.0 | NOTE | ||||
r-oldrel-windows-ix86+x86_64 | 1.0 | 4.00 | 30.00 | 34.00 | NOTE |
Version: 1.0
Check: R code for possible problems
Result: NOTE
get.infectiousness: no visible global function definition for 'qchisq'
Undefined global functions or variables:
qchisq
Consider adding
importFrom("stats", "qchisq")
to your NAMESPACE file.
Flavors: r-devel-linux-x86_64-debian-clang, r-devel-linux-x86_64-debian-gcc, r-devel-linux-x86_64-fedora-clang, r-devel-linux-x86_64-fedora-gcc, r-patched-linux-x86_64, r-release-linux-x86_64, r-release-macos-arm64, r-release-macos-x86_64, r-release-windows-x86_64, r-oldrel-macos-arm64, r-oldrel-macos-x86_64, r-oldrel-windows-ix86+x86_64