Last updated on 2022-04-24 03:52:38 CEST.
Flavor | Version | Tinstall | Tcheck | Ttotal | Status | Flags |
---|---|---|---|---|---|---|
r-devel-linux-x86_64-debian-clang | 0.1.2 | 1.80 | 28.89 | 30.69 | NOTE | |
r-devel-linux-x86_64-debian-gcc | 0.1.2 | 1.51 | 22.42 | 23.93 | NOTE | |
r-devel-linux-x86_64-fedora-clang | 0.1.2 | 37.18 | NOTE | |||
r-devel-linux-x86_64-fedora-gcc | 0.1.2 | 26.26 | NOTE | |||
r-patched-linux-x86_64 | 0.1.2 | 1.29 | 27.81 | 29.10 | NOTE | |
r-release-linux-x86_64 | 0.1.2 | 1.90 | 27.45 | 29.35 | NOTE | |
r-release-macos-arm64 | 0.1.2 | NOTE | ||||
r-release-macos-x86_64 | 0.1.2 | NOTE | ||||
r-release-windows-x86_64 | 0.1.2 | 15.00 | 41.00 | 56.00 | NOTE | |
r-oldrel-macos-arm64 | 0.1.2 | NOTE | ||||
r-oldrel-macos-x86_64 | 0.1.2 | NOTE | ||||
r-oldrel-windows-ix86+x86_64 | 0.1.2 | 4.00 | 24.00 | 28.00 | NOTE |
Version: 0.1.2
Check: LazyData
Result: NOTE
'LazyData' is specified without a 'data' directory
Flavors: r-devel-linux-x86_64-debian-clang, r-devel-linux-x86_64-debian-gcc, r-devel-linux-x86_64-fedora-clang, r-devel-linux-x86_64-fedora-gcc, r-patched-linux-x86_64, r-release-linux-x86_64, r-release-macos-arm64, r-release-macos-x86_64, r-release-windows-x86_64, r-oldrel-macos-arm64, r-oldrel-macos-x86_64, r-oldrel-windows-ix86+x86_64