Last updated on 2022-04-24 03:52:38 CEST.
Flavor | Version | Tinstall | Tcheck | Ttotal | Status | Flags |
---|---|---|---|---|---|---|
r-devel-linux-x86_64-debian-clang | 0.6.0 | 17.95 | 166.98 | 184.93 | OK | |
r-devel-linux-x86_64-debian-gcc | 0.6.0 | 14.76 | 122.68 | 137.44 | OK | |
r-devel-linux-x86_64-fedora-clang | 0.6.0 | 219.50 | OK | |||
r-devel-linux-x86_64-fedora-gcc | 0.6.0 | 205.24 | OK | |||
r-patched-linux-x86_64 | 0.6.0 | 25.02 | 161.60 | 186.62 | OK | |
r-release-linux-x86_64 | 0.6.0 | 19.21 | 152.64 | 171.85 | OK | |
r-release-macos-arm64 | 0.6.0 | NOTE | ||||
r-release-macos-x86_64 | 0.6.0 | OK | ||||
r-release-windows-x86_64 | 0.6.0 | 36.00 | 189.00 | 225.00 | OK | |
r-oldrel-macos-arm64 | 0.6.0 | NOTE | ||||
r-oldrel-macos-x86_64 | 0.6.0 | OK | ||||
r-oldrel-windows-ix86+x86_64 | 0.6.0 | 32.00 | 189.00 | 221.00 | OK |
Version: 0.6.0
Check: installed package size
Result: NOTE
installed size is 5.2Mb
sub-directories of 1Mb or more:
data 2.0Mb
doc 2.9Mb
Flavors: r-release-macos-arm64, r-oldrel-macos-arm64