Last updated on 2022-04-24 03:52:38 CEST.
Flavor | Version | Tinstall | Tcheck | Ttotal | Status | Flags |
---|---|---|---|---|---|---|
r-devel-linux-x86_64-debian-clang | 1.8 | 6.62 | 119.42 | 126.04 | NOTE | |
r-devel-linux-x86_64-debian-gcc | 1.8 | 5.03 | 90.51 | 95.54 | NOTE | |
r-devel-linux-x86_64-fedora-clang | 1.8 | 181.19 | NOTE | |||
r-devel-linux-x86_64-fedora-gcc | 1.8 | 167.30 | NOTE | |||
r-patched-linux-x86_64 | 1.8 | 4.03 | 114.10 | 118.13 | NOTE | |
r-release-linux-x86_64 | 1.8 | 5.12 | 112.09 | 117.21 | NOTE | |
r-release-macos-arm64 | 1.8 | NOTE | ||||
r-release-macos-x86_64 | 1.8 | NOTE | ||||
r-release-windows-x86_64 | 1.8 | 20.00 | 160.00 | 180.00 | NOTE | |
r-oldrel-macos-arm64 | 1.8 | NOTE | ||||
r-oldrel-macos-x86_64 | 1.8 | NOTE | ||||
r-oldrel-windows-ix86+x86_64 | 1.8 | 14.00 | 140.00 | 154.00 | NOTE |
Version: 1.8
Check: LazyData
Result: NOTE
'LazyData' is specified without a 'data' directory
Flavors: r-devel-linux-x86_64-debian-clang, r-devel-linux-x86_64-debian-gcc, r-devel-linux-x86_64-fedora-clang, r-devel-linux-x86_64-fedora-gcc, r-patched-linux-x86_64, r-release-linux-x86_64, r-release-macos-arm64, r-release-macos-x86_64, r-release-windows-x86_64, r-oldrel-macos-arm64, r-oldrel-macos-x86_64, r-oldrel-windows-ix86+x86_64