Last updated on 2022-04-24 03:52:38 CEST.
Flavor | Version | Tinstall | Tcheck | Ttotal | Status | Flags |
---|---|---|---|---|---|---|
r-devel-linux-x86_64-debian-clang | 0.5-5 | 34.22 | 315.72 | 349.94 | WARN | |
r-devel-linux-x86_64-debian-gcc | 0.5-5 | 25.97 | 225.95 | 251.92 | WARN | |
r-devel-linux-x86_64-fedora-clang | 0.5-5 | 425.70 | WARN | |||
r-devel-linux-x86_64-fedora-gcc | 0.5-5 | 413.69 | WARN | |||
r-patched-linux-x86_64 | 0.5-5 | 33.11 | 294.98 | 328.09 | NOTE | |
r-release-linux-x86_64 | 0.5-5 | 29.58 | 292.71 | 322.29 | NOTE | |
r-release-macos-arm64 | 0.5-5 | OK | ||||
r-release-macos-x86_64 | 0.5-5 | OK | ||||
r-release-windows-x86_64 | 0.5-5 | 155.00 | 356.00 | 511.00 | OK | |
r-oldrel-macos-arm64 | 0.5-5 | OK | ||||
r-oldrel-macos-x86_64 | 0.5-5 | OK | ||||
r-oldrel-windows-ix86+x86_64 | 0.5-5 | 61.00 | 327.00 | 388.00 | OK |
Version: 0.5-5
Check: Rd files
Result: WARN
checkRd: (7) plotRMSEApower.Rd:94: invalid email address: dlc30@psu.edu.
Flavors: r-devel-linux-x86_64-debian-clang, r-devel-linux-x86_64-debian-gcc, r-devel-linux-x86_64-fedora-clang, r-devel-linux-x86_64-fedora-gcc
Version: 0.5-5
Check: package dependencies
Result: NOTE
Package suggested but not available for checking: ‘blavaan’
Flavors: r-patched-linux-x86_64, r-release-linux-x86_64