Last updated on 2022-04-24 03:52:38 CEST.
Flavor | Version | Tinstall | Tcheck | Ttotal | Status | Flags |
---|---|---|---|---|---|---|
r-devel-linux-x86_64-debian-clang | 2.3.0 | 7.80 | 159.36 | 167.16 | OK | |
r-devel-linux-x86_64-debian-gcc | 2.3.0 | 7.22 | 113.58 | 120.80 | OK | |
r-devel-linux-x86_64-fedora-clang | 2.3.0 | 196.91 | NOTE | |||
r-devel-linux-x86_64-fedora-gcc | 2.3.0 | 220.17 | NOTE | |||
r-patched-linux-x86_64 | 2.3.0 | 8.25 | 148.52 | 156.77 | OK | |
r-release-linux-x86_64 | 2.3.0 | 5.43 | 144.35 | 149.78 | OK | |
r-release-macos-arm64 | 2.3.0 | NOTE | ||||
r-release-macos-x86_64 | 2.3.0 | NOTE | ||||
r-release-windows-x86_64 | 2.3.0 | 102.00 | 397.00 | 499.00 | OK | |
r-oldrel-macos-arm64 | 2.3.0 | NOTE | ||||
r-oldrel-macos-x86_64 | 2.3.0 | NOTE | ||||
r-oldrel-windows-ix86+x86_64 | 2.3.0 | 16.00 | 419.00 | 435.00 | OK |
Version: 2.3.0
Check: dependencies in R code
Result: NOTE
Namespaces in Imports field not imported from:
‘knitr’ ‘rmarkdown’ ‘webp’
All declared Imports should be used.
Flavors: r-devel-linux-x86_64-fedora-clang, r-devel-linux-x86_64-fedora-gcc, r-release-macos-arm64, r-release-macos-x86_64, r-oldrel-macos-arm64, r-oldrel-macos-x86_64