Last updated on 2022-04-24 03:52:38 CEST.
Flavor | Version | Tinstall | Tcheck | Ttotal | Status | Flags |
---|---|---|---|---|---|---|
r-devel-linux-x86_64-debian-clang | 0.7.1 | 4.71 | 47.73 | 52.44 | NOTE | |
r-devel-linux-x86_64-debian-gcc | 0.7.1 | 4.06 | 37.08 | 41.14 | NOTE | |
r-devel-linux-x86_64-fedora-clang | 0.7.1 | 63.98 | NOTE | |||
r-devel-linux-x86_64-fedora-gcc | 0.7.1 | 52.65 | NOTE | |||
r-patched-linux-x86_64 | 0.7.1 | 4.87 | 46.81 | 51.68 | NOTE | |
r-release-linux-x86_64 | 0.7.1 | 3.02 | 44.60 | 47.62 | NOTE | |
r-release-macos-arm64 | 0.7.1 | NOTE | ||||
r-release-macos-x86_64 | 0.7.1 | NOTE | ||||
r-release-windows-x86_64 | 0.7.1 | 12.00 | 63.00 | 75.00 | NOTE | |
r-oldrel-macos-arm64 | 0.7.1 | NOTE | ||||
r-oldrel-macos-x86_64 | 0.7.1 | NOTE | ||||
r-oldrel-windows-ix86+x86_64 | 0.7.1 | 11.00 | 54.00 | 65.00 | NOTE |
Version: 0.7.1
Check: LazyData
Result: NOTE
'LazyData' is specified without a 'data' directory
Flavors: r-devel-linux-x86_64-debian-clang, r-devel-linux-x86_64-debian-gcc, r-devel-linux-x86_64-fedora-clang, r-devel-linux-x86_64-fedora-gcc, r-patched-linux-x86_64, r-release-linux-x86_64, r-release-macos-arm64, r-release-macos-x86_64, r-release-windows-x86_64, r-oldrel-macos-arm64, r-oldrel-macos-x86_64, r-oldrel-windows-ix86+x86_64