Last updated on 2022-04-24 03:52:38 CEST.
Flavor | Version | Tinstall | Tcheck | Ttotal | Status | Flags |
---|---|---|---|---|---|---|
r-devel-linux-x86_64-debian-clang | 0.2.9.3 | 3.82 | 127.46 | 131.28 | OK | |
r-devel-linux-x86_64-debian-gcc | 0.2.9.3 | 3.44 | 91.69 | 95.13 | OK | |
r-devel-linux-x86_64-fedora-clang | 0.2.9.3 | 161.90 | NOTE | |||
r-devel-linux-x86_64-fedora-gcc | 0.2.9.3 | 136.12 | OK | |||
r-patched-linux-x86_64 | 0.2.9.3 | 7.54 | 117.21 | 124.75 | OK | |
r-release-linux-x86_64 | 0.2.9.3 | 3.61 | 145.61 | 149.22 | OK | |
r-release-macos-arm64 | 0.2.9.3 | OK | ||||
r-release-macos-x86_64 | 0.2.9.3 | OK | ||||
r-release-windows-x86_64 | 0.2.9.3 | 31.00 | 160.00 | 191.00 | OK | |
r-oldrel-macos-arm64 | 0.2.9.3 | OK | ||||
r-oldrel-macos-x86_64 | 0.2.9.3 | OK | ||||
r-oldrel-windows-ix86+x86_64 | 0.2.9.3 | 10.00 | 175.00 | 185.00 | OK |
Version: 0.2.9.3
Check: Rd cross-references
Result: NOTE
Undeclared package ‘qgraph’ in Rd xrefs
Flavor: r-devel-linux-x86_64-fedora-clang