Last updated on 2022-04-24 03:52:38 CEST.
Flavor | Version | Tinstall | Tcheck | Ttotal | Status | Flags |
---|---|---|---|---|---|---|
r-devel-linux-x86_64-debian-clang | 0.2.0 | 26.39 | 43.68 | 70.07 | NOTE | |
r-devel-linux-x86_64-debian-gcc | 0.2.0 | 19.84 | 33.87 | 53.71 | NOTE | |
r-devel-linux-x86_64-fedora-clang | 0.2.0 | 98.88 | NOTE | |||
r-devel-linux-x86_64-fedora-gcc | 0.2.0 | 75.84 | NOTE | |||
r-patched-linux-x86_64 | 0.2.0 | 22.00 | 42.41 | 64.41 | NOTE | |
r-release-linux-x86_64 | 0.2.0 | 21.85 | 40.81 | 62.66 | NOTE | |
r-release-macos-arm64 | 0.2.0 | NOTE | ||||
r-release-macos-x86_64 | 0.2.0 | NOTE | ||||
r-release-windows-x86_64 | 0.2.0 | 34.00 | 83.00 | 117.00 | NOTE | |
r-oldrel-macos-arm64 | 0.2.0 | NOTE | ||||
r-oldrel-macos-x86_64 | 0.2.0 | NOTE | ||||
r-oldrel-windows-ix86+x86_64 | 0.2.0 | 63.00 | 81.00 | 144.00 | NOTE |
Version: 0.2.0
Check: LazyData
Result: NOTE
'LazyData' is specified without a 'data' directory
Flavors: r-devel-linux-x86_64-debian-clang, r-devel-linux-x86_64-debian-gcc, r-devel-linux-x86_64-fedora-clang, r-devel-linux-x86_64-fedora-gcc, r-patched-linux-x86_64, r-release-linux-x86_64, r-release-macos-arm64, r-release-macos-x86_64, r-release-windows-x86_64, r-oldrel-macos-arm64, r-oldrel-macos-x86_64, r-oldrel-windows-ix86+x86_64
Version: 0.2.0
Check: compiled code
Result: NOTE
File ‘semver/libs/semver.so’:
Found no calls to: ‘R_registerRoutines’, ‘R_useDynamicSymbols’
It is good practice to register native routines and to disable symbol
search.
See ‘Writing portable packages’ in the ‘Writing R Extensions’ manual.
Flavors: r-devel-linux-x86_64-fedora-clang, r-devel-linux-x86_64-fedora-gcc