Last updated on 2022-04-24 03:52:38 CEST.
Flavor | Version | Tinstall | Tcheck | Ttotal | Status | Flags |
---|---|---|---|---|---|---|
r-devel-linux-x86_64-debian-clang | 1.01 | 1.96 | 37.32 | 39.28 | NOTE | |
r-devel-linux-x86_64-debian-gcc | 1.01 | 1.95 | 28.06 | 30.01 | NOTE | |
r-devel-linux-x86_64-fedora-clang | 1.01 | 48.20 | NOTE | |||
r-devel-linux-x86_64-fedora-gcc | 1.01 | 36.64 | NOTE | |||
r-patched-linux-x86_64 | 1.01 | 2.24 | 36.02 | 38.26 | NOTE | |
r-release-linux-x86_64 | 1.01 | 2.74 | 33.87 | 36.61 | NOTE | |
r-release-macos-arm64 | 1.01 | NOTE | ||||
r-release-macos-x86_64 | 1.01 | NOTE | ||||
r-release-windows-x86_64 | 1.01 | 26.00 | 50.00 | 76.00 | NOTE | |
r-oldrel-macos-arm64 | 1.01 | NOTE | ||||
r-oldrel-macos-x86_64 | 1.01 | NOTE | ||||
r-oldrel-windows-ix86+x86_64 | 1.01 | 5.00 | 42.00 | 47.00 | NOTE |
Version: 1.01
Check: LazyData
Result: NOTE
'LazyData' is specified without a 'data' directory
Flavors: r-devel-linux-x86_64-debian-clang, r-devel-linux-x86_64-debian-gcc, r-devel-linux-x86_64-fedora-clang, r-devel-linux-x86_64-fedora-gcc, r-patched-linux-x86_64, r-release-linux-x86_64, r-release-macos-arm64, r-release-macos-x86_64, r-release-windows-x86_64, r-oldrel-macos-arm64, r-oldrel-macos-x86_64, r-oldrel-windows-ix86+x86_64