Last updated on 2022-04-24 03:52:38 CEST.
Flavor | Version | Tinstall | Tcheck | Ttotal | Status | Flags |
---|---|---|---|---|---|---|
r-devel-linux-x86_64-debian-clang | 1.0-6 | 14.57 | 134.14 | 148.71 | NOTE | |
r-devel-linux-x86_64-debian-gcc | 1.0-6 | 10.15 | 99.66 | 109.81 | NOTE | |
r-devel-linux-x86_64-fedora-clang | 1.0-6 | 174.54 | NOTE | |||
r-devel-linux-x86_64-fedora-gcc | 1.0-6 | 161.52 | NOTE | |||
r-patched-linux-x86_64 | 1.0-6 | 13.06 | 125.78 | 138.84 | NOTE | |
r-release-linux-x86_64 | 1.0-6 | 11.62 | 123.43 | 135.05 | NOTE | |
r-release-macos-arm64 | 1.0-6 | NOTE | ||||
r-release-macos-x86_64 | 1.0-6 | NOTE | ||||
r-release-windows-x86_64 | 1.0-6 | 128.00 | 147.00 | 275.00 | NOTE | |
r-oldrel-macos-arm64 | 1.0-6 | NOTE | ||||
r-oldrel-macos-x86_64 | 1.0-6 | NOTE | ||||
r-oldrel-windows-ix86+x86_64 | 1.0-6 | 25.00 | 176.00 | 201.00 | NOTE |
Version: 1.0-6
Check: R code for possible problems
Result: NOTE
plot.sensitivity.2.0d: no visible global function definition for 'gray'
sensitivitySGD: no visible global function definition for 'tail'
sensitivitySGL: no visible global function definition for 'tail'
Undefined global functions or variables:
gray tail
Consider adding
importFrom("grDevices", "gray")
importFrom("utils", "tail")
to your NAMESPACE file.
Flavors: r-devel-linux-x86_64-debian-clang, r-devel-linux-x86_64-debian-gcc, r-devel-linux-x86_64-fedora-clang, r-devel-linux-x86_64-fedora-gcc, r-patched-linux-x86_64, r-release-linux-x86_64, r-release-macos-arm64, r-release-macos-x86_64, r-release-windows-x86_64, r-oldrel-macos-arm64, r-oldrel-macos-x86_64, r-oldrel-windows-ix86+x86_64
Version: 1.0-6
Check: compiled code
Result: NOTE
File ‘sensitivityPStrat/libs/sensitivityPStrat.so’:
Found no calls to: ‘R_registerRoutines’, ‘R_useDynamicSymbols’
It is good practice to register native routines and to disable symbol
search.
See ‘Writing portable packages’ in the ‘Writing R Extensions’ manual.
Flavors: r-devel-linux-x86_64-fedora-clang, r-devel-linux-x86_64-fedora-gcc