Last updated on 2022-04-24 03:52:38 CEST.
Flavor | Version | Tinstall | Tcheck | Ttotal | Status | Flags |
---|---|---|---|---|---|---|
r-devel-linux-x86_64-debian-clang | 1.5.6 | 1.94 | 31.47 | 33.41 | NOTE | |
r-devel-linux-x86_64-debian-gcc | 1.5.6 | 1.39 | 24.57 | 25.96 | NOTE | |
r-devel-linux-x86_64-fedora-clang | 1.5.6 | 42.06 | NOTE | |||
r-devel-linux-x86_64-fedora-gcc | 1.5.6 | 30.36 | NOTE | |||
r-patched-linux-x86_64 | 1.5.6 | 2.25 | 31.06 | 33.31 | NOTE | |
r-release-linux-x86_64 | 1.5.6 | 2.16 | 30.51 | 32.67 | NOTE | |
r-release-macos-arm64 | 1.5.6 | NOTE | ||||
r-release-macos-x86_64 | 1.5.6 | NOTE | ||||
r-release-windows-x86_64 | 1.5.6 | 17.00 | 46.00 | 63.00 | NOTE | |
r-oldrel-macos-arm64 | 1.5.6 | NOTE | ||||
r-oldrel-macos-x86_64 | 1.5.6 | NOTE | ||||
r-oldrel-windows-ix86+x86_64 | 1.5.6 | 5.00 | 30.00 | 35.00 | NOTE |
Version: 1.5.6
Check: LazyData
Result: NOTE
'LazyData' is specified without a 'data' directory
Flavors: r-devel-linux-x86_64-debian-clang, r-devel-linux-x86_64-debian-gcc, r-devel-linux-x86_64-fedora-clang, r-devel-linux-x86_64-fedora-gcc, r-patched-linux-x86_64, r-release-linux-x86_64, r-release-macos-arm64, r-release-macos-x86_64, r-release-windows-x86_64, r-oldrel-macos-arm64, r-oldrel-macos-x86_64, r-oldrel-windows-ix86+x86_64