Last updated on 2022-04-24 03:52:38 CEST.
Flavor | Version | Tinstall | Tcheck | Ttotal | Status | Flags |
---|---|---|---|---|---|---|
r-devel-linux-x86_64-debian-clang | 0.2.1 | 1255.10 | 53.53 | 1308.63 | OK | |
r-devel-linux-x86_64-debian-gcc | 0.2.1 | 607.54 | 41.25 | 648.79 | OK | |
r-devel-linux-x86_64-fedora-clang | 0.2.1 | 1160.22 | NOTE | |||
r-devel-linux-x86_64-fedora-gcc | 0.2.1 | 1094.71 | OK | |||
r-patched-linux-x86_64 | 0.2.1 | 654.29 | 51.75 | 706.04 | OK | |
r-release-linux-x86_64 | 0.2.1 | 651.41 | 50.87 | 702.28 | OK | |
r-release-macos-arm64 | 0.2.1 | NOTE | ||||
r-release-macos-x86_64 | 0.2.1 | NOTE | ||||
r-release-windows-x86_64 | 0.2.1 | 742.00 | 111.00 | 853.00 | NOTE | |
r-oldrel-macos-arm64 | 0.2.1 | NOTE | ||||
r-oldrel-macos-x86_64 | 0.2.1 | NOTE | ||||
r-oldrel-windows-ix86+x86_64 | 0.2.1 | 1770.00 | 298.00 | 2068.00 | NOTE |
Version: 0.2.1
Check: installed package size
Result: NOTE
installed size is 17.2Mb
sub-directories of 1Mb or more:
libs 15.4Mb
models 1.6Mb
Flavors: r-devel-linux-x86_64-fedora-clang, r-release-macos-arm64, r-release-macos-x86_64, r-release-windows-x86_64, r-oldrel-macos-arm64, r-oldrel-macos-x86_64, r-oldrel-windows-ix86+x86_64