Last updated on 2022-04-24 03:52:38 CEST.
Flavor | Version | Tinstall | Tcheck | Ttotal | Status | Flags |
---|---|---|---|---|---|---|
r-devel-linux-x86_64-debian-clang | 0.6.2 | 87.66 | 457.30 | 544.96 | OK | |
r-devel-linux-x86_64-debian-gcc | 0.6.2 | 61.57 | 341.53 | 403.10 | OK | |
r-devel-linux-x86_64-fedora-clang | 0.6.2 | 598.28 | NOTE | |||
r-devel-linux-x86_64-fedora-gcc | 0.6.2 | 576.28 | NOTE | |||
r-patched-linux-x86_64 | 0.6.2 | 73.08 | 396.61 | 469.69 | OK | |
r-release-linux-x86_64 | 0.6.2 | 73.33 | 402.12 | 475.45 | OK | |
r-release-macos-arm64 | 0.6.2 | NOTE | ||||
r-release-macos-x86_64 | 0.6.2 | NOTE | ||||
r-release-windows-x86_64 | 0.6.2 | 156.00 | 443.00 | 599.00 | NOTE | |
r-oldrel-macos-arm64 | 0.6.2 | NOTE | ||||
r-oldrel-macos-x86_64 | 0.6.2 | NOTE | ||||
r-oldrel-windows-ix86+x86_64 | 0.6.2 | 184.00 | 757.00 | 941.00 | NOTE |
Version: 0.6.2
Check: installed package size
Result: NOTE
installed size is 12.1Mb
sub-directories of 1Mb or more:
data 1.2Mb
doc 7.4Mb
libs 2.9Mb
Flavors: r-devel-linux-x86_64-fedora-clang, r-release-macos-arm64, r-release-macos-x86_64, r-release-windows-x86_64, r-oldrel-macos-arm64, r-oldrel-macos-x86_64, r-oldrel-windows-ix86+x86_64
Version: 0.6.2
Check: Rd cross-references
Result: NOTE
Undeclared package ‘lexicon’ in Rd xrefs
Flavor: r-devel-linux-x86_64-fedora-clang
Version: 0.6.2
Check: data for non-ASCII characters
Result: NOTE
Note: found 3128 marked UTF-8 strings
Flavors: r-devel-linux-x86_64-fedora-clang, r-devel-linux-x86_64-fedora-gcc, r-release-macos-arm64, r-release-macos-x86_64, r-oldrel-macos-arm64, r-oldrel-macos-x86_64