Last updated on 2022-04-24 03:52:38 CEST.
Flavor | Version | Tinstall | Tcheck | Ttotal | Status | Flags |
---|---|---|---|---|---|---|
r-devel-linux-x86_64-debian-clang | 1.2.0 | 476.12 | 741.05 | 1217.17 | WARN | |
r-devel-linux-x86_64-debian-gcc | 1.2.0 | 363.70 | 384.67 | 748.37 | OK | |
r-devel-linux-x86_64-fedora-clang | 1.2.0 | 1545.14 | WARN | |||
r-devel-linux-x86_64-fedora-gcc | 1.2.0 | 1244.85 | OK | |||
r-patched-linux-x86_64 | 1.2.0 | 370.73 | 513.26 | 883.99 | OK | |
r-release-linux-x86_64 | 1.2.0 | 391.99 | 483.91 | 875.90 | OK | |
r-release-macos-arm64 | 1.2.0 | NOTE | ||||
r-release-macos-x86_64 | 1.2.0 | NOTE | ||||
r-release-windows-x86_64 | 1.2.0 | 344.00 | 590.00 | 934.00 | NOTE | |
r-oldrel-macos-arm64 | 1.2.0 | NOTE | ||||
r-oldrel-macos-x86_64 | 1.2.0 | NOTE | ||||
r-oldrel-windows-ix86+x86_64 | 1.2.0 | 1085.00 | 571.00 | 1656.00 | NOTE |
Version: 1.2.0
Check: whether package can be installed
Result: WARN
Found the following significant warnings:
log_optCoef.cpp:60:13: warning: use of bitwise '&' with boolean operands [-Wbitwise-instead-of-logical]
optCoef.cpp:57:13: warning: use of bitwise '&' with boolean operands [-Wbitwise-instead-of-logical]
Flavors: r-devel-linux-x86_64-debian-clang, r-devel-linux-x86_64-fedora-clang
Version: 1.2.0
Check: installed package size
Result: NOTE
installed size is 16.8Mb
sub-directories of 1Mb or more:
doc 6.3Mb
libs 9.7Mb
Flavors: r-devel-linux-x86_64-fedora-clang, r-release-macos-arm64, r-release-macos-x86_64, r-release-windows-x86_64, r-oldrel-macos-arm64, r-oldrel-macos-x86_64, r-oldrel-windows-ix86+x86_64