Last updated on 2022-04-24 03:52:38 CEST.
Flavor | Version | Tinstall | Tcheck | Ttotal | Status | Flags |
---|---|---|---|---|---|---|
r-devel-linux-x86_64-debian-clang | 1.1 | 2.62 | 57.33 | 59.95 | NOTE | |
r-devel-linux-x86_64-debian-gcc | 1.1 | 3.07 | 41.61 | 44.68 | NOTE | |
r-devel-linux-x86_64-fedora-clang | 1.1 | 73.94 | NOTE | |||
r-devel-linux-x86_64-fedora-gcc | 1.1 | 60.13 | NOTE | |||
r-patched-linux-x86_64 | 1.1 | 4.28 | 54.63 | 58.91 | NOTE | |
r-release-linux-x86_64 | 1.1 | 3.89 | 54.23 | 58.12 | NOTE | |
r-release-macos-arm64 | 1.1 | NOTE | ||||
r-release-macos-x86_64 | 1.1 | NOTE | ||||
r-release-windows-x86_64 | 1.1 | 10.00 | 69.00 | 79.00 | NOTE | |
r-oldrel-macos-arm64 | 1.1 | NOTE | ||||
r-oldrel-macos-x86_64 | 1.1 | NOTE | ||||
r-oldrel-windows-ix86+x86_64 | 1.1 | 7.00 | 64.00 | 71.00 | NOTE |
Version: 1.1
Check: LazyData
Result: NOTE
'LazyData' is specified without a 'data' directory
Flavors: r-devel-linux-x86_64-debian-clang, r-devel-linux-x86_64-debian-gcc, r-devel-linux-x86_64-fedora-clang, r-devel-linux-x86_64-fedora-gcc, r-patched-linux-x86_64, r-release-linux-x86_64, r-release-macos-arm64, r-release-macos-x86_64, r-release-windows-x86_64, r-oldrel-macos-arm64, r-oldrel-macos-x86_64, r-oldrel-windows-ix86+x86_64