Last updated on 2022-04-24 03:52:38 CEST.
Flavor | Version | Tinstall | Tcheck | Ttotal | Status | Flags |
---|---|---|---|---|---|---|
r-devel-linux-x86_64-debian-clang | 1.0.1 | 2.50 | 45.29 | 47.79 | NOTE | |
r-devel-linux-x86_64-debian-gcc | 1.0.1 | 2.11 | 33.85 | 35.96 | NOTE | |
r-devel-linux-x86_64-fedora-clang | 1.0.1 | 59.12 | NOTE | |||
r-devel-linux-x86_64-fedora-gcc | 1.0.1 | 46.63 | NOTE | |||
r-patched-linux-x86_64 | 1.0.1 | 2.97 | 42.55 | 45.52 | NOTE | |
r-release-linux-x86_64 | 1.0.1 | 2.82 | 43.20 | 46.02 | NOTE | |
r-release-macos-arm64 | 1.0.1 | NOTE | ||||
r-release-macos-x86_64 | 1.0.1 | NOTE | ||||
r-release-windows-x86_64 | 1.0.1 | 19.00 | 59.00 | 78.00 | NOTE | |
r-oldrel-macos-arm64 | 1.0.1 | NOTE | ||||
r-oldrel-macos-x86_64 | 1.0.1 | NOTE | ||||
r-oldrel-windows-ix86+x86_64 | 1.0.1 | 6.00 | 39.00 | 45.00 | NOTE |
Version: 1.0.1
Check: DESCRIPTION meta-information
Result: NOTE
Malformed Title field: should not end in a period.
Flavors: r-devel-linux-x86_64-debian-clang, r-devel-linux-x86_64-debian-gcc, r-devel-linux-x86_64-fedora-clang, r-devel-linux-x86_64-fedora-gcc, r-patched-linux-x86_64, r-release-linux-x86_64, r-release-macos-arm64, r-release-macos-x86_64, r-release-windows-x86_64, r-oldrel-macos-arm64, r-oldrel-macos-x86_64, r-oldrel-windows-ix86+x86_64
Version: 1.0.1
Check: R code for possible problems
Result: NOTE
plotenz : addmark: no visible global function definition for 'par'
plotenz : addmark: no visible global function definition for 'text'
plotenz : addmark: no visible global function definition for 'segments'
plotenz : addband: no visible global function definition for 'segments'
plotenz : addband: no visible global function definition for 'text'
plotenz: no visible global function definition for 'layout'
plotenz: no visible global function definition for 'text'
plotenz: no visible global function definition for 'dev.new'
Undefined global functions or variables:
dev.new layout par segments text
Consider adding
importFrom("grDevices", "dev.new")
importFrom("graphics", "layout", "par", "segments", "text")
to your NAMESPACE file.
Flavors: r-devel-linux-x86_64-debian-clang, r-devel-linux-x86_64-debian-gcc, r-devel-linux-x86_64-fedora-clang, r-devel-linux-x86_64-fedora-gcc, r-patched-linux-x86_64, r-release-linux-x86_64, r-release-macos-arm64, r-release-macos-x86_64, r-release-windows-x86_64, r-oldrel-macos-arm64, r-oldrel-macos-x86_64, r-oldrel-windows-ix86+x86_64
Version: 1.0.1
Check: Rd line widths
Result: NOTE
Rd file 'plotenz.Rd':
\usage lines wider than 90 characters:
plotenz(sequences, enznames, enzdata, side = TRUE, type = c("RFLP", "TRFLP"), Terminal = c("T5", "T3"))
These lines will be truncated in the PDF manual.
Flavors: r-devel-linux-x86_64-debian-clang, r-devel-linux-x86_64-debian-gcc, r-devel-linux-x86_64-fedora-clang, r-devel-linux-x86_64-fedora-gcc, r-patched-linux-x86_64, r-release-linux-x86_64
Version: 1.0.1
Check: for non-standard things in the check directory
Result: NOTE
Found the following files/directories:
'total'
Flavors: r-devel-linux-x86_64-debian-clang, r-devel-linux-x86_64-debian-gcc, r-devel-linux-x86_64-fedora-clang, r-devel-linux-x86_64-fedora-gcc, r-patched-linux-x86_64, r-release-linux-x86_64