Last updated on 2022-04-24 03:52:38 CEST.
Flavor | Version | Tinstall | Tcheck | Ttotal | Status | Flags |
---|---|---|---|---|---|---|
r-devel-linux-x86_64-debian-clang | 1.2.3 | 3.39 | 193.78 | 197.17 | OK | |
r-devel-linux-x86_64-debian-gcc | 1.2.3 | 1.95 | 139.87 | 141.82 | OK | |
r-devel-linux-x86_64-fedora-clang | 1.2.3 | 253.59 | OK | |||
r-devel-linux-x86_64-fedora-gcc | 1.2.3 | 244.52 | OK | |||
r-patched-linux-x86_64 | 1.2.3 | 4.40 | 189.24 | 193.64 | OK | |
r-release-linux-x86_64 | 1.2.3 | 2.33 | 183.86 | 186.19 | OK | |
r-release-macos-arm64 | 1.2.3 | OK | ||||
r-release-macos-x86_64 | 1.2.3 | NOTE | ||||
r-release-windows-x86_64 | 1.2.3 | 24.00 | 217.00 | 241.00 | OK | |
r-oldrel-macos-arm64 | 1.2.3 | OK | ||||
r-oldrel-macos-x86_64 | 1.2.3 | NOTE | ||||
r-oldrel-windows-ix86+x86_64 | 1.2.3 | 8.00 | 219.00 | 227.00 | OK |
Version: 1.2.3
Check: package dependencies
Result: NOTE
Package suggested but not available for checking: ‘airway’
Flavors: r-release-macos-x86_64, r-oldrel-macos-x86_64