Last updated on 2022-04-24 03:52:38 CEST.
| Flavor | Version | Tinstall | Tcheck | Ttotal | Status | Flags | 
|---|---|---|---|---|---|---|
| r-devel-linux-x86_64-debian-clang | 4.2-8 | 12.23 | 131.38 | 143.61 | NOTE | |
| r-devel-linux-x86_64-debian-gcc | 4.2-8 | 11.85 | 99.04 | 110.89 | NOTE | |
| r-devel-linux-x86_64-fedora-clang | 4.2-8 | 185.34 | NOTE | |||
| r-devel-linux-x86_64-fedora-gcc | 4.2-8 | 171.13 | NOTE | |||
| r-patched-linux-x86_64 | 4.2-8 | 16.90 | 127.94 | 144.84 | OK | |
| r-release-linux-x86_64 | 4.2-8 | 15.27 | 123.09 | 138.36 | OK | |
| r-release-macos-arm64 | 4.2-8 | NOTE | ||||
| r-release-macos-x86_64 | 4.2-8 | NOTE | ||||
| r-release-windows-x86_64 | 4.2-8 | 90.00 | 183.00 | 273.00 | NOTE | |
| r-oldrel-macos-arm64 | 4.2-8 | NOTE | ||||
| r-oldrel-macos-x86_64 | 4.2-8 | NOTE | ||||
| r-oldrel-windows-ix86+x86_64 | 4.2-8 | 30.00 | 215.00 | 245.00 | NOTE | 
Version: 4.2-8
Check: Rd files
Result: NOTE
    checkRd: (7) file 'choosebank.Rd': \item in \value must have non-empty label
Flavors: r-devel-linux-x86_64-debian-clang, r-devel-linux-x86_64-debian-gcc, r-devel-linux-x86_64-fedora-clang, r-devel-linux-x86_64-fedora-gcc
Version: 4.2-8
Check: installed package size
Result: NOTE
      installed size is  5.5Mb
      sub-directories of 1Mb or more:
        data        1.4Mb
        sequences   1.9Mb
Flavors: r-devel-linux-x86_64-fedora-clang, r-release-macos-arm64, r-release-macos-x86_64, r-release-windows-x86_64, r-oldrel-macos-arm64, r-oldrel-macos-x86_64, r-oldrel-windows-ix86+x86_64