Last updated on 2022-04-24 03:52:38 CEST.
Flavor | Version | Tinstall | Tcheck | Ttotal | Status | Flags |
---|---|---|---|---|---|---|
r-devel-linux-x86_64-debian-clang | 0.1.5 | 15.71 | 161.95 | 177.66 | OK | |
r-devel-linux-x86_64-debian-gcc | 0.1.5 | 12.15 | 118.86 | 131.01 | OK | |
r-devel-linux-x86_64-fedora-clang | 0.1.5 | 214.56 | OK | |||
r-devel-linux-x86_64-fedora-gcc | 0.1.5 | 207.54 | OK | |||
r-patched-linux-x86_64 | 0.1.5 | 15.42 | 148.80 | 164.22 | OK | |
r-release-linux-x86_64 | 0.1.5 | 16.03 | 139.16 | 155.19 | OK | |
r-release-macos-arm64 | 0.1.5 | NOTE | ||||
r-release-macos-x86_64 | 0.1.5 | NOTE | ||||
r-release-windows-x86_64 | 0.1.5 | 48.00 | 168.00 | 216.00 | OK | |
r-oldrel-macos-arm64 | 0.1.5 | NOTE | ||||
r-oldrel-macos-x86_64 | 0.1.5 | NOTE | ||||
r-oldrel-windows-ix86+x86_64 | 0.1.5 | 32.00 | 158.00 | 190.00 | OK |
Version: 0.1.5
Check: package dependencies
Result: NOTE
Packages suggested but not available for checking:
'GenomicAlignments', 'GenomicRanges', 'muscle', 'Rsamtools'
Flavors: r-release-macos-arm64, r-oldrel-macos-arm64
Version: 0.1.5
Check: package dependencies
Result: NOTE
Package suggested but not available for checking: ‘muscle’
Flavors: r-release-macos-x86_64, r-oldrel-macos-x86_64