Last updated on 2022-04-24 03:52:38 CEST.
Flavor | Version | Tinstall | Tcheck | Ttotal | Status | Flags |
---|---|---|---|---|---|---|
r-devel-linux-x86_64-debian-clang | 8.4 | 107.66 | 45.51 | 153.17 | NOTE | |
r-devel-linux-x86_64-debian-gcc | 8.4 | 91.57 | 34.18 | 125.75 | WARN | |
r-devel-linux-x86_64-fedora-clang | 8.4 | 225.50 | NOTE | |||
r-devel-linux-x86_64-fedora-gcc | 8.4 | 191.10 | NOTE | |||
r-patched-linux-x86_64 | 8.4 | 94.99 | 42.70 | 137.69 | NOTE | |
r-release-linux-x86_64 | 8.4 | 95.13 | 42.29 | 137.42 | NOTE | |
r-release-macos-arm64 | 8.4 | NOTE | ||||
r-release-macos-x86_64 | 8.4 | NOTE | ||||
r-release-windows-x86_64 | 8.4 | 341.00 | 110.00 | 451.00 | NOTE | |
r-oldrel-macos-arm64 | 8.4 | NOTE | ||||
r-oldrel-macos-x86_64 | 8.4 | NOTE | ||||
r-oldrel-windows-ix86+x86_64 | 8.4 | 551.00 | 89.00 | 640.00 | NOTE |
Version: 8.4
Check: for GNU extensions in Makefiles
Result: NOTE
GNU make is a SystemRequirements.
Flavors: r-devel-linux-x86_64-debian-clang, r-devel-linux-x86_64-debian-gcc, r-devel-linux-x86_64-fedora-clang, r-devel-linux-x86_64-fedora-gcc, r-patched-linux-x86_64, r-release-linux-x86_64, r-release-macos-arm64, r-release-macos-x86_64, r-release-windows-x86_64, r-oldrel-macos-arm64, r-oldrel-macos-x86_64, r-oldrel-windows-ix86+x86_64
Version: 8.4
Check: whether package can be installed
Result: WARN
Found the following significant warnings:
BGenFile.cpp:12:55: warning: member ‘BGenFile::N’ is used uninitialized [-Wuninitialized]
Flavor: r-devel-linux-x86_64-debian-gcc
Version: 8.4
Check: installed package size
Result: NOTE
installed size is 9.3Mb
sub-directories of 1Mb or more:
libs 7.7Mb
Flavors: r-devel-linux-x86_64-fedora-clang, r-release-macos-arm64, r-release-macos-x86_64, r-oldrel-macos-arm64, r-oldrel-macos-x86_64, r-oldrel-windows-ix86+x86_64