Last updated on 2022-04-24 03:52:38 CEST.
Flavor | Version | Tinstall | Tcheck | Ttotal | Status | Flags |
---|---|---|---|---|---|---|
r-devel-linux-x86_64-debian-clang | 2.0 | 3.42 | 47.74 | 51.16 | WARN | |
r-devel-linux-x86_64-debian-gcc | 2.0 | 3.29 | 35.58 | 38.87 | WARN | |
r-devel-linux-x86_64-fedora-clang | 2.0 | 66.09 | WARN | |||
r-devel-linux-x86_64-fedora-gcc | 2.0 | 52.85 | WARN | |||
r-patched-linux-x86_64 | 2.0 | 3.49 | 45.95 | 49.44 | OK | |
r-release-linux-x86_64 | 2.0 | 3.12 | 44.09 | 47.21 | OK | |
r-release-macos-arm64 | 2.0 | OK | ||||
r-release-macos-x86_64 | 2.0 | OK | ||||
r-release-windows-x86_64 | 2.0 | 31.00 | 62.00 | 93.00 | OK | |
r-oldrel-macos-arm64 | 2.0 | OK | ||||
r-oldrel-macos-x86_64 | 2.0 | OK | ||||
r-oldrel-windows-ix86+x86_64 | 2.0 | 8.00 | 41.00 | 49.00 | OK |
Version: 2.0
Check: Rd files
Result: WARN
checkRd: (7) read.old.seq.Rd:41: invalid email address: Jean-sebastien.pierre\@univ-rennes1.fr
Flavors: r-devel-linux-x86_64-debian-clang, r-devel-linux-x86_64-debian-gcc, r-devel-linux-x86_64-fedora-clang, r-devel-linux-x86_64-fedora-gcc