Last updated on 2022-04-24 03:52:38 CEST.
Flavor | Version | Tinstall | Tcheck | Ttotal | Status | Flags |
---|---|---|---|---|---|---|
r-devel-linux-x86_64-debian-clang | 0.5.9 | 13.92 | 47.79 | 61.71 | OK | |
r-devel-linux-x86_64-debian-gcc | 0.5.9 | 10.19 | 37.30 | 47.49 | OK | |
r-devel-linux-x86_64-fedora-clang | 0.5.9 | 81.32 | NOTE | |||
r-devel-linux-x86_64-fedora-gcc | 0.5.9 | 67.49 | NOTE | |||
r-patched-linux-x86_64 | 0.5.9 | 12.65 | 45.70 | 58.35 | OK | |
r-release-linux-x86_64 | 0.5.9 | 13.68 | 44.23 | 57.91 | OK | |
r-release-macos-arm64 | 0.5.9 | OK | ||||
r-release-macos-x86_64 | 0.5.9 | OK | ||||
r-release-windows-x86_64 | 0.5.9 | 58.00 | 96.00 | 154.00 | OK | |
r-oldrel-macos-arm64 | 0.5.9 | OK | ||||
r-oldrel-macos-x86_64 | 0.5.9 | OK | ||||
r-oldrel-windows-ix86+x86_64 | 0.5.9 | 38.00 | 92.00 | 130.00 | OK |
Version: 0.5.9
Check: compiled code
Result: NOTE
File ‘sequences/libs/sequences.so’:
Found no calls to: ‘R_registerRoutines’, ‘R_useDynamicSymbols’
It is good practice to register native routines and to disable symbol
search.
See ‘Writing portable packages’ in the ‘Writing R Extensions’ manual.
Flavors: r-devel-linux-x86_64-fedora-clang, r-devel-linux-x86_64-fedora-gcc