Last updated on 2022-04-24 03:52:38 CEST.
Flavor | Version | Tinstall | Tcheck | Ttotal | Status | Flags |
---|---|---|---|---|---|---|
r-devel-linux-x86_64-debian-clang | 3.0.0 | 22.84 | 282.84 | 305.68 | OK | |
r-devel-linux-x86_64-debian-gcc | 3.0.0 | 17.85 | 195.44 | 213.29 | OK | |
r-devel-linux-x86_64-fedora-clang | 3.0.0 | 361.17 | OK | |||
r-devel-linux-x86_64-fedora-gcc | 3.0.0 | 330.86 | OK | |||
r-patched-linux-x86_64 | 3.0.0 | 25.48 | 252.13 | 277.61 | OK | |
r-release-linux-x86_64 | 3.0.0 | 13.20 | 248.33 | 261.53 | OK | |
r-release-macos-arm64 | 3.0.0 | ERROR | ||||
r-release-macos-x86_64 | 3.0.0 | OK | ||||
r-release-windows-x86_64 | 3.0.0 | 34.00 | 280.00 | 314.00 | OK | |
r-oldrel-macos-arm64 | 3.0.0 | ERROR | ||||
r-oldrel-macos-x86_64 | 3.0.0 | OK | ||||
r-oldrel-windows-ix86+x86_64 | 3.0.0 | 41.00 | 277.00 | 318.00 | OK |
Version: 3.0.0
Check: package dependencies
Result: ERROR
Package required but not available: ‘copynumber’
See section ‘The DESCRIPTION file’ in the ‘Writing R Extensions’
manual.
Flavors: r-release-macos-arm64, r-oldrel-macos-arm64