Last updated on 2022-04-24 03:52:38 CEST.
Flavor | Version | Tinstall | Tcheck | Ttotal | Status | Flags |
---|---|---|---|---|---|---|
r-devel-linux-x86_64-debian-clang | 2.0.0 | 4.62 | 54.06 | 58.68 | WARN | |
r-devel-linux-x86_64-debian-gcc | 2.0.0 | 2.93 | 42.19 | 45.12 | WARN | |
r-devel-linux-x86_64-fedora-clang | 2.0.0 | 73.98 | WARN | |||
r-devel-linux-x86_64-fedora-gcc | 2.0.0 | 61.65 | WARN | |||
r-patched-linux-x86_64 | 2.0.0 | 4.76 | 52.25 | 57.01 | OK | |
r-release-linux-x86_64 | 2.0.0 | 4.34 | 52.78 | 57.12 | OK | |
r-release-macos-arm64 | 2.0.0 | OK | ||||
r-release-macos-x86_64 | 2.0.0 | OK | ||||
r-release-windows-x86_64 | 2.0.0 | 73.00 | 110.00 | 183.00 | OK | |
r-oldrel-macos-arm64 | 2.0.0 | OK | ||||
r-oldrel-macos-x86_64 | 2.0.0 | OK | ||||
r-oldrel-windows-ix86+x86_64 | 2.0.0 | 8.00 | 85.00 | 93.00 | OK |
Version: 2.0.0
Check: Rd files
Result: WARN
checkRd: (7) seroincidence.Rd:88: invalid email address: <p.teunis@emory.edu>
checkRd: (7) seroincidence.Rd:90: invalid email address: <daniel@nextpagesoft.net>
checkRd: (7) seroincidence.Rd:91: invalid email address: <seroincidence@ecdc.europa.eu>
Flavors: r-devel-linux-x86_64-debian-clang, r-devel-linux-x86_64-debian-gcc, r-devel-linux-x86_64-fedora-clang, r-devel-linux-x86_64-fedora-gcc